 of 6/(-4)*r*6?
1
Let h = 23 + -17. Suppose 0 = -3*o + 6*y - y - h, o - 18 = -5*y. What is the units digit of (5 - 4) + o*7?
2
Suppose -j - 5*t + 3437 = 0, j + 29*t - 3407 = 34*t. What is the thousands digit of j?
3
Suppose 2*u = 6*u - 1896. Suppose 6*f - f + 3*g - 806 = 0, 3*f - 3*g - u = 0. What is the hundreds digit of f?
1
Suppose 1405 = 3*k - 7*s + 3*s, s = -k + 480. What is the units digit of k?
5
Suppose -4*u = u + b - 18, b = 3*u - 6. Suppose 2*f - 165 = -3*l - u*f, 0 = 3*l + 3*f - 159. What is the units digit of l?
0
Let n = -337 - -771. What is the hundreds digit of n?
4
Suppose r = -u, -2*r + 11 + 9 = -3*u. Suppose a - 4*k = -a + 214, -380 = -r*a - 4*k. What is the tens digit of a?
9
Let a(h) = -h**3 - 2*h**2 + 2. Let o be a(-2). Let f be 856/40 + o/(-5). Suppose -61 = -4*t + 5*u, -u = 4*t + 2*u - f. What is the units digit of t?
9
Let d(s) = -46*s - 67. What is the hundreds digit of d(-6)?
2
Let h(q) = -10*q + 2. Let d = -57 + 55. What is the units digit of h(d)?
2
Let p(v) be the third derivative of v**5/20 + 3*v**4/8 + 7*v**3/3 + 9*v**2. What is the units digit of p(-7)?
8
What is the units digit of (-30)/(-105) + 64884/21?
0
Let d = 0 + 2. Let j be (-1700)/75*6/8. Let h = d - j. What is the units digit of h?
9
Let z = -31 + 59. Suppose -z*k - 25 = -29*k. What is the units digit of k?
5
What is the hundreds digit of ((-8)/12)/(-3 + (-2572)/(-858))?
2
Suppose -6*x - 48 = -2*x. Let j be (-4)/(-6) + (-136)/x. Suppose 3*l + 0*l = -9, -2*h + 2*l = -j. What is the units digit of h?
3
Suppose -398 = -u + 162. Suppose -82*s + 77*s = -u. What is the tens digit of s?
1
Suppose -5*o + 6 = -4*q, 0*o - 10 = -3*o - 4*q. Let t be o/7 + (-313)/(-7). What is the units digit of 102/27 + 10/t?
4
Let m = 1199 + -745. Let u = m - 324. What is the hundreds digit of u?
1
Let w(y) = 122*y + 89. What is the thousands digit of w(9)?
1
Let a = 34 - 42. Let j = 18 + a. What is the tens digit of j?
1
Let c be 25 + -21 + 1*-5. What is the units digit of 0 - (3/(4 + c) + -63)?
2
Let r(q) = -q**3 - 5*q**2 - 3*q. Let f(y) = y - 1. Let j be f(-2). Let i be r(j). Let m = 11 + i. What is the units digit of m?
2
Let c = 11 + -8. Suppose 0*t - 1 = 4*k - 3*t, 2*k + c = -t. What is the units digit of -2 + k + -2 + 30?
5
Let y = 1 - 1. Suppose 221*t - 219*t - 8 = 0. Suppose 2*f + 17 = t*f + 5*g, y = -3*f + g + 34. What is the tens digit of f?
1
Suppose 4*c - 593 = 5*t - 9046, 4*t + 5*c = 6787. What is the tens digit of t?
9
Let t be (-165)/(-20)*(-16)/(-6). Suppose -k + 129 = 2*k + b, 2*b + 182 = 4*k. Suppose 3*c - t - k = 0. What is the tens digit of c?
2
Let t(n) = -67*n - 213. What is the units digit of t(-17)?
6
Let o(z) = 81*z - 29. What is the units digit of o(3)?
4
Let s = 206 + -136. What is the tens digit of s?
7
Suppose -5*x - 2*q = -797, 0 = -0*x - x + 3*q + 173. What is the hundreds digit of x?
1
Let b = -190 + 270. What is the tens digit of b?
8
Let v(a) = a**2 + 62. Let t = -9 - -18. Suppose -5*k + k - 15 = -5*y, -2*k - 3*y = -t. What is the units digit of v(k)?
2
Let c = 26 - -249. What is the hundreds digit of c?
2
Suppose 28063 + 78289 = 68*o. What is the thousands digit of o?
1
Let a(s) = -11*s - 16. Let c = -18 - -19. Suppose 4*g - w - 2*w = -27, w - c = 0. What is the tens digit of a(g)?
5
Suppose -6*y - 1207 = -5293. What is the tens digit of y?
8
Let u(q) = q**3 - 8*q**2 - 6*q + 9. Let r be u(8). Let i = 97 + -32. Let k = r + i. What is the tens digit of k?
2
Suppose -556 + 124 = -18*l. What is the units digit of -2 + 400/3 + l/36?
2
Let i(c) be the second derivative of -c**5/20 - 5*c**4/4 - c**3/3 - 21*c**2/2 - 9*c. What is the units digit of i(-15)?
9
Suppose 3*p + 22 = 103. Let n = p + 157. What is the units digit of n?
4
Suppose 4 = 3*q - 14. Let d(y) = 12*y + 8. What is the tens digit of d(q)?
8
Suppose -3*f - 4 = -3*b + 4*b, -3*b - 12 = f. Suppose -6*u + 2*u + 364 = f. What is the units digit of u?
1
Suppose 13*d + 6*d = 14*d. Suppose d = 4*l - 3*h - 504, l + h = 4*l - 373. What is the units digit of l?
3
Let l(v) = 5*v**2 - 2*v + 1. Let d be l(1). Suppose d*j - 43 = 81. Let n = 59 - j. What is the tens digit of n?
2
Let d(c) = -49*c + 59. What is the units digit of d(-5)?
4
Let y = 15 - 0. Suppose -13*t - 82 = -y*t. Suppose 4*s = t + 11. What is the units digit of s?
3
Suppose -5*o + 2112 = c, -2*o - 12281 + 1586 = -5*c. What is the units digit of c?
7
Let x = 54 + -21. Let p = -29 + x. Suppose p*g - 7*g = -96. What is the tens digit of g?
3
Suppose -3*o = -2*g + 8, 0*g + 5*g + o = 20. Let y(v) = 4 + v**3 - 2 + v**2 - 3*v + g*v**3. What is the units digit of y(2)?
0
Suppose b = -2*y + 679, 207 = -2*y - 4*b + 895. What is the units digit of y?
8
Suppose -m + 20 = -0*m. Suppose 3*k - k - m = 4*i, -2 = k - 5*i. What is the units digit of k?
8
Suppose -5*i + 4*t = -36, -5*i - 2*t + 51 = 9. Suppose 181 = 2*j + 3*d, 4*d + 107 = -0*j + j. Suppose i*x = 3*x + j. What is the tens digit of x?
1
Let w(u) = -u**3 + 16*u**2 + 6*u - 12. What is the units digit of w(13)?
3
Let x(y) = -y - 15. Let l be x(-2). Let n(d) = -12*d + 16. What is the tens digit of n(l)?
7
Suppose -t = -2*d - 33, 2*t - 81 = d + 4*d. Let c be 740/25 + (-6)/d. Suppose 4*s - 6*s - 4*j + c = 0, -110 = -5*s - 3*j. What is the tens digit of s?
2
Let p(i) = 129*i**2 - 13*i + 11. What is the tens digit of p(3)?
3
Suppose -13*p = -377 - 767. What is the tens digit of p?
8
Let q be (-2 + 0)/(12/30). Let k(p) = -44*p - 12. What is the tens digit of k(q)?
0
Let b(r) = -r**3 + 6*r**2 + 5*r - 5. Let s be b(5). Let c = 95 - s. Suppose 3*t - t = -2*m + c, 2*t = -4. What is the tens digit of m?
2
Suppose -m = 1 + 1. Let h = 255 - 259. What is the units digit of (-2)/h + (-49)/m?
5
Suppose 0 = -175*z + 162*z + 19604. What is the units digit of z?
8
What is the units digit of 0 - ((-12)/8)/(6/2024)?
6
What is the units digit of 10008/20 - (-12)/20?
1
Let v(z) = -22*z - 217. What is the units digit of v(-10)?
3
Let t(o) = 10*o**2 - 22*o + 19. What is the tens digit of t(-9)?
2
Suppose 5*l + 4*n - 3*n = 3087, 3*l + 3*n = 1845. What is the units digit of l?
8
Let h = -20 - -27. What is the units digit of ((-50)/(-35))/5*h?
2
Let m(h) = 2*h**3 + 47*h**2 - 21*h - 13. What is the tens digit of m(-22)?
0
Let t = 22 + -18. Suppose t*o + 72 = 6*o. Let z = 51 - o. What is the units digit of z?
5
Let s = -1460 - -2154. What is the tens digit of s?
9
Suppose -3*j - 2*j = -15. Let b(q) = 2*q**3 - 1 - q**j - 7*q + 6*q. What is the tens digit of b(3)?
2
Let a(x) = -2*x + 11. Let b be a(-6). Suppose -4*t + 151 = w, -4*t + 154 = -0*t + 2*w. Let p = t - b. What is the units digit of p?
4
Let r(g) = -4*g - 5. Let x be r(-2). What is the units digit of 3 + (3/1)/(x/5)?
8
Suppose 18*v + 31 + 185 = 0. Let j(q) = -12*q - 4. Let g be j(-3). What is the units digit of (g/v)/(1/(-12))?
2
Suppose -w = -4*p - 586, -23*w + 5*p + 2344 = -19*w. What is the hundreds digit of w?
5
Let n(u) = 4*u**3 - 9*u**2 - 13*u + 28. What is the thousands digit of n(9)?
2
Let n = 1244 - 593. What is the units digit of n?
1
Let j(i) = -18*i - 236. What is the hundreds digit of j(-46)?
5
Let y = 54 - 269. What is the units digit of -3 + y/(-15)*3?
0
Let s = -23 - -15. Let m(n) = 3*n**3 - 14*n**2 + 12*n + 13. Let x(q) = -q**3 + 7*q**2 - 6*q - 7. Let k(a) = -2*m(a) - 5*x(a). What is the tens digit of k(s)?
2
Suppose -9 = -3*c - 3. Suppose m = -c*v + 57, 9*v = 4*v - 4*m + 141. What is the units digit of v?
9
Let n(o) = o**3 + 14*o**2 - 35*o - 21. What is the units digit of n(-15)?
9
Let m be (-2)/7 - -104*22/(-28). Let f = -4 - m. What is the units digit of f?
8
Let j = -2051 - -2789. What is the hundreds digit of j?
7
Let j be (-4)/(3*1/(-6)). Suppose 0 = -3*h + 7*h + 4*a, -2*a = -j. What is the units digit of 8 - (1 + (h - -4))?
7
Suppose 6461 = 5*x + 6*j - 2*j, 4*x - 5174 = 2*j. Suppose 3*a + 4*d = 55 + 905, -d + x = 4*a. What is the hundreds digit of a?
3
Let u be 70/49 + (-6)/14. Suppose -9 - u = -2*m. Let s(a) = 4*a - 3. What is the units digit of s(m)?
7
Let x(p) = p**3 + 20*p**2 + 4*p + 125. What is the units digit of x(-11)?
0
Let z(l) = -l**3 - 18*l**2 - 51*l - 92. What is the hundreds digit of z(-21)?
3
Suppose 0 = n + 3*w - 151, -5*n - 6*w = -2*w - 788. Let j = n + -68. What is the tens digit of j?
9
Suppose 0 = 11*r - 460 - 51515. Wh